 number?
True
Is 36247 prime?
False
Is 1063081 prime?
False
Is 880331 prime?
True
Is 9527 a prime number?
False
Is 204667 a prime number?
True
Is 1900121 composite?
False
Is 14349 composite?
True
Is 287047 composite?
False
Is 104629 composite?
True
Is 1903 a prime number?
False
Is 3371 a composite number?
False
Is 60509 a composite number?
False
Is 2983 composite?
True
Is 219643 prime?
False
Is 4721 a composite number?
False
Is 58013 a composite number?
False
Is 419291 composite?
False
Is 146213 a prime number?
True
Is 27349 a prime number?
False
Is 377459 a prime number?
True
Is 1006 composite?
True
Is 520339 prime?
True
Is 2267 a prime number?
True
Is 3203 a composite number?
False
Is 1575149 a composite number?
True
Is 171023 a composite number?
False
Is 340337 a composite number?
False
Is 117133 composite?
False
Is 51631 a prime number?
True
Is 2741 a composite number?
False
Is 2365589 prime?
True
Is 6749 a prime number?
False
Is 40157 a prime number?
False
Is 33409 a composite number?
False
Is 153319 a composite number?
False
Is 787 prime?
True
Is 71845 composite?
True
Is 10639 composite?
False
Is 20171 prime?
False
Is 277463 a composite number?
True
Is 3299 composite?
False
Is 11327 a composite number?
True
Is 133013 a prime number?
True
Is 13435 a composite number?
True
Is 3313 composite?
False
Is 289241 prime?
True
Is 232171 a prime number?
True
Is 302663 a composite number?
False
Is 180979 a composite number?
True
Is 2749259 prime?
False
Is 18583 a composite number?
False
Is 7789 composite?
False
Is 66029 a composite number?
False
Is 14693 composite?
True
Is 2899 a prime number?
False
Is 10997 a prime number?
False
Is 15501 prime?
False
Is 1415 a prime number?
False
Is 5999 prime?
False
Is 181471 a prime number?
False
Is 18899 a composite number?
False
Is 248533 composite?
False
Is 641 prime?
True
Is 97771 prime?
True
Is 3989 prime?
True
Is 5961 prime?
False
Is 49633 composite?
False
Is 1417 composite?
True
Is 223903 a prime number?
True
Is 240139 a prime number?
True
Is 794327 a composite number?
False
Is 74353 composite?
False
Is 7411 prime?
True
Is 3821 a prime number?
True
Is 855839 a composite number?
True
Is 9853 a composite number?
True
Is 7841 a prime number?
True
Is 7897 a prime number?
False
Is 3511 a prime number?
True
Is 1473251 a composite number?
True
Is 26627 composite?
False
Is 92623 a prime number?
True
Is 31001 prime?
False
Is 3799 a prime number?
False
Is 16001 composite?
False
Is 1261 prime?
False
Is 6905 a prime number?
False
Is 45599 a prime number?
True
Is 14351 composite?
True
Is 40771 prime?
True
Is 192419 a composite number?
True
Is 1226 composite?
True
Is 29938 a composite number?
True
Is 4646743 a prime number?
True
Is 41999 composite?
False
Is 15335 prime?
False
Is 217447 a prime number?
False
Is 7438 prime?
False
Is 4063 composite?
True
Is 30911 composite?
False
Is 10543 composite?
True
Is 74557 prime?
False
Is 15943 composite?
True
Is 142 composite?
True
Is 955 composite?
True
Is 97943 prime?
True
Is 10405 a prime number?
False
Is 760871 a prime number?
True
Is 1599639 a prime number?
False
Is 114331 a prime number?
False
Is 2959 prime?
False
Is 16729 prime?
True
Is 7477 a composite number?
False
Is 4861 a composite number?
False
Is 452579 composite?
False
Is 6821 a prime number?
False
Is 24071 composite?
False
Is 46711 composite?
True
Is 889653 a composite number?
True
Is 25871 prime?
False
Is 41645 a composite number?
True
Is 123107 composite?
True
Is 10997 a prime number?
False
Is 1249 prime?
True
Is 1249799 a composite number?
False
Is 30023 a composite number?
True
Is 12013 a prime number?
False
Is 5407 composite?
False
Is 60999 composite?
True
Is 237379 a prime number?
True
Is 47261 a composite number?
True
Is 1795 a composite number?
True
Is 499151 composite?
False
Is 27179 composite?
False
Is 52251 prime?
False
Is 17257 prime?
True
Is 1511 composite?
False
Is 2917 prime?
True
Is 40277 a composite number?
False
Is 26177 a composite number?
False
Is 202763 a composite number?
True
Is 669 a prime number?
False
Is 3265 composite?
True
Is 206879 prime?
True
Is 287783 a composite number?
False
Is 94477 prime?
True
Is 89918 composite?
True
Is 1118269 a prime number?
False
Is 84629 prime?
True
Is 47326 a composite number?
True
Is 8923 prime?
True
Is 19857 a prime number?
False
Is 21355 prime?
False
Is 1006 a composite number?
True
Is 4218977 composite?
True
Is 2263801 a composite number?
False
Is 92119 a prime number?
True
Is 185883 a prime number?
False
Is 373021 a prime number?
False
Is 11665 a composite number?
True
Is 11273 a composite number?
False
Is 639433 composite?
False
Is 256673 a prime number?
False
Is 2603 a composite number?
True
Is 137827 a prime number?
True
Is 264671 composite?
True
Is 99331 composite?
True
Is 155867 composite?
True
Is 295513 prime?
True
Is 648859 prime?
True
Is 2245 a prime number?
False
Is 76511 a prime number?
True
Is 161819 prime?
False
Is 28505 prime?
False
Is 36991 a composite number?
True
Is 287 prime?
False
Is 186895 a prime number?
False
Is 4019 a prime number?
True
Is 2531593 composite?
False
Is 116819 a composite number?
False
Is 3541 a prime number?
True
Is 3755 composite?
True
Is 953 prime?
True
Is 3845 composite?
True
Is 12965 prime?
False
Is 14959 a composite number?
True
Is 105069 composite?
True
Is 428305 composite?
True
Is 34373 composite?
True
Is 2135827 composite?
True
Is 35023 composite?
False
Is 29473 a prime number?
True
Is 356723 a composite number?
True
Is 689 composite?
True
Is 62047 a prime number?
True
Is 135611 prime?
False
Is 5191 a composite number?
True
Is 2490439 composite?
True
Is 30655 prime?
False
Is 24943 a composite number?
False
Is 118651 prime?
False
Is 1213 a composite number?
False
Is 347873 a composite number?
False
Is 6701 a composite number?
False
Is 1655013 a composite number?
True
Is 3589 a composite number?
True
Is 55373 a composite number?
False
Is 3907 a prime number?
True
Is 929 a composite number?
False
Is 75817 prime?
False
Is 2042395 composite?
True
Is 17881 a prime number?
True
Is 30727 composite?
False
Is 124601 prime?
True
Is 78691 a composite number?
False
Is 4547 prime?
True
Is 13291 a composite number?
False
Is 228761 a prime number?
False
Is 5509 a composite number?
True
Is 8809 a composite number?
True
Is 25703 a prime number?
True
Is 13291 composite?
False
Is 80221 a prime number?
True
Is 5557 prime?
True
Is 1519913 a prime number?
True
Is 15689 composite?
True
Is 316067 prime?
True
Is 7297 composite?
False
Is 177877 a composite number?
True
Is 10711 composite?
False
Is 10939 prime?
True
Is 92269 composite?
False
Is 166393 a composite number?
False
Is 79817 a composite number?
False
Is 33443 prime?
False
Is 21259 a composite number?
True
Is 7901 a composite number?
False
Is 1654063 a composite number?
True
Is 33591 a composite number?
True
Is 958 a composite number?
True
Is 33977 a prime number?
False
Is 45433 a composite number?
False
Is 3554 a composite number?
True
Is 413791 a composite number?
True
Is 4749 prime?
False
Is 5779 a composite number?
False
Is 75307 a prime number?
True
Is 61973 prime?
False
Is 221359 composite?
True
Is 4127 a composite number?
False
Is 9199 a prime number?
True
Is 5437 a prime number?
True
Is 326531 composite?
True
Is 9841 composite?
True
Is 602521 prime?
True
Is 451 a composite number?
True
Is 22937 a prime number?
True
Is 25523 composite?
False
Is 697 composite?
True
Is 83891 a composite number?
False
Is 8467 composite?
False
Is 13799 a prime number?
True
Is 33817 prime?
False
Is 7499 prime?
True
Is 3713 prime?
False
Is 76909 a prime number?
False
Is 1082341 prime?
False
Is 434047 a composite number?
True
Is 13787 composite?
True
Is 41371 composite?
True
Is 15401 composite?
False
Is 67207 a composite number?
True
Is 1611517 a prime number?
True
Is 127927 a composite number?
True
Is 20697 composite?
True
Is 174217 a prime number?
False
Is 241957 a composite number?
True
Is 225263 a composite number?
False
Is 329 a prime number?
False
Is 1309313 a prime number?
True
Is 24133 composite?
False
Is 1967939 a prime number?
True
Is 22367 prime?
True
Is 57451 prime?
False
Is 36997 a composite number?
False
Is 58541 composite?
True
Is 41765 composite?
True
Is 153631 prime?
False